{"id":94,"date":"2017-11-22T16:37:10","date_gmt":"2017-11-22T16:37:10","guid":{"rendered":"http:\/\/hippokrates2punkt0.de\/?page_id=94"},"modified":"2021-11-24T12:43:40","modified_gmt":"2021-11-24T12:43:40","slug":"einladung-zum-offenen-symposium","status":"publish","type":"page","link":"https:\/\/hippokrates2punkt0.de\/","title":{"rendered":""},"content":{"rendered":"\n<div class=\"wp-block-columns is-layout-flex wp-container-core-columns-is-layout-9d6595d7 wp-block-columns-is-layout-flex\">\n<div class=\"wp-block-column is-layout-flow wp-block-column-is-layout-flow\" style=\"flex-basis:100%\">\n<div class=\"wp-block-group\"><div class=\"wp-block-group__inner-container is-layout-flow wp-block-group-is-layout-flow\">\n<div class=\"wp-block-columns is-layout-flex wp-container-core-columns-is-layout-9d6595d7 wp-block-columns-is-layout-flex\">\n<div class=\"wp-block-column is-layout-flow wp-block-column-is-layout-flow\" style=\"flex-basis:100%\">\n<div class=\"wp-block-group\"><div class=\"wp-block-group__inner-container is-layout-flow wp-block-group-is-layout-flow\">\n<h1 style=\"text-align: center;\"><span style=\"color: #808000;\">Herzlich Willkommen<\/span><\/h1>\n<h3 style=\"text-align: center;\"><span style=\"color: #000000;\">Am 3. M\u00e4rz 2018 fand in Berlin die Gr\u00fcndungsveranstaltung der Initiative <span style=\"color: #808000;\">Hippokrates 2.0<\/span> statt. Am 20. September 2019 lud der Berufsverband der \u00c4rzte f\u00fcr Naturheilverfahren Deutschlands BAEN-D e.V. dann im Rahmen des 137. ZAEN-Kongresses zum zweiten Symposion in Freudenstadt ein.<\/span><\/h3>\n<h3 style=\"text-align: center;\"><span style=\"color: #000000;\">Die Initiative aus \u00c4rzten- und Patientenverb\u00e4nden m\u00f6chte f\u00fcr die Versorgungslandschaft neue Impulse, insbesondere bei der haus\u00e4rztlichen Medizin, der Zahnmedizin und der Pr\u00e4vention setzen. Im Mittelpunkt steht einerseits eine personenzentrierte Patientenbeziehung, andererseits eine weitestm\u00f6gliche Integration der Naturheilkunde und der ganzheitlichen Medizin. Diese befinden sich zurzeit in einem Widerspruch zwischen hoher Akzeptanz bei den Patienten, breiter Qualifikation innerhalb der \u00c4rzteschaft und geringer Beachtung durch Gesundheitspolitik und der Kostenerstattungssysteme.<\/span><\/h3>\n<h3 style=\"text-align: center;\"><span style=\"color: #000000;\">Die Initiative <\/span><span style=\"color: #808000;\">Hippokrates 2.0<\/span> <span style=\"color: #000000;\">ist eine zukunftsorientierte Bewegung, die sich mit konkreten Ideen auseinandersetzt und diese an Politik, Kostentr\u00e4ger und weitere Organisationen weitergeben will. Wir m\u00f6chten Sie herzlich dazu einladen, sich in unserer Initiative einzubringen und aktiv an ihr mitzuwirken. N\u00e4here Informationen zu den behandelten Themen finden Sie auf diesen Seiten.<\/span><\/h3>\n<p>\u00a0<\/p>\n<p style=\"text-align: center;\"><span style=\"color: #333333;\">Berufsverband der \u00c4rzte f\u00fcr Naturheilverfahren Deutschlands <a style=\"color: #333333;\" href=\"http:\/\/www.baen-d.de\">BAEN-D e.V.<\/a><\/span><br \/><span style=\"color: #333333;\">Am Promenadenplatz 1, D-72250 Freudenstadt<\/span><br \/><span style=\"color: #000000;\"><span style=\"color: #333333;\">Tel. +49 (0) 7441-91858-20,<\/span><\/span> <a href=\"mailto:info@baen-d.de\" target=\"_blank\" rel=\"noopener\">info (at) baen-d.de<\/a><\/p>\n<\/div><\/div>\n<\/div>\n<\/div>\n<\/div><\/div>\n<\/div>\n<\/div>\n","protected":false},"excerpt":{"rendered":"<p>Herzlich Willkommen Am 3. M\u00e4rz 2018 fand in Berlin die Gr\u00fcndungsveranstaltung der Initiative Hippokrates 2.0 statt. Am 20. September 2019 lud der Berufsverband der \u00c4rzte f\u00fcr Naturheilverfahren Deutschlands BAEN-D e.V. dann im Rahmen des 137. ZAEN-Kongresses zum zweiten Symposion in Freudenstadt ein. Die Initiative aus \u00c4rzten- und Patientenverb\u00e4nden m\u00f6chte f\u00fcr die Versorgungslandschaft neue Impulse, insbesondere &hellip; <\/p>\n<p class=\"link-more\"><a href=\"https:\/\/hippokrates2punkt0.de\/\" class=\"more-link\"><span class=\"screen-reader-text\">\u201e\u201c <\/span>weiterlesen<\/a><\/p>\n","protected":false},"author":1,"featured_media":0,"parent":0,"menu_order":0,"comment_status":"closed","ping_status":"closed","template":"","meta":{"footnotes":""},"class_list":["post-94","page","type-page","status-publish","hentry"],"_links":{"self":[{"href":"https:\/\/hippokrates2punkt0.de\/index.php?rest_route=\/wp\/v2\/pages\/94","targetHints":{"allow":["GET"]}}],"collection":[{"href":"https:\/\/hippokrates2punkt0.de\/index.php?rest_route=\/wp\/v2\/pages"}],"about":[{"href":"https:\/\/hippokrates2punkt0.de\/index.php?rest_route=\/wp\/v2\/types\/page"}],"author":[{"embeddable":true,"href":"https:\/\/hippokrates2punkt0.de\/index.php?rest_route=\/wp\/v2\/users\/1"}],"replies":[{"embeddable":true,"href":"https:\/\/hippokrates2punkt0.de\/index.php?rest_route=%2Fwp%2Fv2%2Fcomments&post=94"}],"version-history":[{"count":100,"href":"https:\/\/hippokrates2punkt0.de\/index.php?rest_route=\/wp\/v2\/pages\/94\/revisions"}],"predecessor-version":[{"id":727,"href":"https:\/\/hippokrates2punkt0.de\/index.php?rest_route=\/wp\/v2\/pages\/94\/revisions\/727"}],"wp:attachment":[{"href":"https:\/\/hippokrates2punkt0.de\/index.php?rest_route=%2Fwp%2Fv2%2Fmedia&parent=94"}],"curies":[{"name":"wp","href":"https:\/\/api.w.org\/{rel}","templated":true}]}}